 is divided by o.
8
Let q be 1564/(-18) + (-1)/9. Let z = q - -48. What is the remainder when 25 is divided by 1/(-3)*z + 0?
12
Let j(r) = r**3 + 5*r**2 + 3*r + 4. Let h(q) = -q + 4. Let a be h(-4). What is the remainder when j(-3) is divided by 20/a*(2 + 0)?
3
Suppose -5*p + 15 = 0, x - 6*x + 139 = 3*p. What is the remainder when x is divided by 3?
2
Suppose 0 = w + 10 - 1. Let x be (-39)/w - 1/3. Suppose -4*c + 0 = -y + 23, 4*y - 32 = -x*c. What is the remainder when 42 is divided by y?
9
Let g be (1/1*1)/((-4)/(-60)). Suppose g*i = 11*i + 104. Calculate the remainder when 102 is divided by i.
24
Let b be (-2)/(-2) - 12/(-3). Suppose f - 21 + 7 = 5*d, -2*f = -b*d - 38. Calculate the remainder when (3 - 2)*-3*(3 + -18) is divided by f.
21
Suppose 2*m - m - z - 5 = 0, -m - 7 = 3*z. Suppose -m*w = w - 12. What is the remainder when 5 is divided by w?
1
Let u = 270 + -206. Suppose 5*x - 2*x = 102. What is the remainder when u is divided by x?
30
Let i(n) = -n - 11. Let z be i(-14). Let k be -39 - (z + (-6)/2). Let d = -27 - k. Calculate the remainder when 45 is divided by d.
9
Let b(f) = -f**2 - 28*f + 27. What is the remainder when b(-26) is divided by 40?
39
Let t = 3 + 10. Suppose 0 = 3*p - t - 2, r = 3*p - 11. Suppose 65*m + 48 = 83 + 95. Calculate the remainder when r is divided by m.
0
Suppose -2*l = 2*l. Suppose l*p - 186 = -2*p. What is the remainder when p is divided by 16?
13
Suppose 2*t - 11 = -31. Calculate the remainder when (-8)/t*(-1925)/(-7) is divided by 37.
35
Let j(l) = 5*l - 35. Let b be j(8). What is the remainder when 94 is divided by 1/((6/30)/(24/b))?
22
Let h(k) = -3*k - 16. Let y be h(-6). Let z = 108 + -67. Calculate the remainder when z is divided by ((-2)/(-3))/y*63.
20
Suppose 0 = 5*s - 2*q - 50, 5*s - q - 3*q = 40. What is the remainder when 23 is divided by s?
11
Let o = 1826 - 1508. What is the remainder when o is divided by 29?
28
Let y = 140 + -112. Calculate the remainder when 135 is divided by y.
23
Suppose -l - 2*l + 147 = 0. Suppose 7*n - 3*n = 100. Calculate the remainder when l is divided by n.
24
Let k(s) = -48*s + 1. What is the remainder when k(-1) is divided by -10*((-928)/40 + 17 + (4 - 1))?
17
Suppose -184 = -3*p - 4*z, 0*z + 5*z - 310 = -5*p. Calculate the remainder when p is divided by 6.
4
Suppose 5*p - 55 = -3*u, 5 + 8 = p + u. Suppose 61 = 12*n - 191. Calculate the remainder when n is divided by p.
5
Let i = 1580 + -1476. Calculate the remainder when 310 is divided by i.
102
Let u(g) = 8*g + 3. Let c be u(-7). Let b = -34 - c. Suppose -3 = -n + b. What is the remainder when 63 is divided by n?
19
Suppose 0 = 4*h - 173 + 1. Calculate the remainder when 256 is divided by h.
41
Let a(y) = -12*y + 1. Let k(m) = -2*m - 10. Let v be k(-8). Let t be a(v). Let h = -17 - t. What is the remainder when h is divided by 14?
12
Suppose 2*w = 1 + 9, 2*r + 5*w - 35 = 0. Calculate the remainder when ((-202)/(-6))/(r + 28/(-6)) is divided by 28.
17
Suppose 3*q - 4*p + 6*p - 253 = 0, 364 = 4*q - 4*p. Let a = -60 + q. Let o = 2 - -8. Calculate the remainder when a is divided by o.
7
Suppose -3*t + 120 = 12*t. Suppose 0*s = h + 3*s - 6, -3*h = -3*s - 42. What is the remainder when h is divided by t?
4
Let v(c) be the second derivative of c**5/20 + 2*c**4/3 - 25*c**3/6 - 13*c**2/2 + 2*c. Calculate the remainder when v(-10) is divided by 20.
17
Suppose -3*h + 4*u + 62 = 0, 4*h - 5*u + 2*u - 92 = 0. What is the remainder when h is divided by 6?
2
Let q(u) = -56*u - 7. Let x be q(-2). Let y = x + -71. What is the remainder when y is divided by 9?
7
Let y(x) = -32*x**2 - 299*x - 13. Calculate the remainder when 274 is divided by y(-9).
16
Let k = 35 - -5. What is the remainder when 93 is divided by k?
13
Let m = -736 - -772. What is the remainder when 244 is divided by m?
28
Let i = -69 + 39. Let g = 2 - i. Suppose -n - l = l - 8, 4*l = n - g. What is the remainder when 47 is divided by n?
15
Suppose 0 = -6*j + 764 - 434. What is the remainder when j is divided by 22?
11
Let g(f) = 29*f + 8. Let p be g(2). Suppose 3*m - 3*y - p = 0, -4*m + 43 + 75 = 2*y. Let b(u) = 4*u**3 - 2. Calculate the remainder when b(3) is divided by m.
25
Suppose n = 2*n - 2. Let p be (-2)/5 + ((-1036)/(-20))/7. Suppose n*s = p*s - 45. What is the remainder when s is divided by 3?
0
Let w(g) = -g**3 + 18*g**2 + 50*g + 30. Calculate the remainder when w(20) is divided by 114.
2
Let b(d) = 14*d**2. Suppose -28 - 60 = 4*r. Let o = -21 - r. Calculate the remainder when 24 is divided by b(o).
10
Suppose 0 = -5*s + 25*s - 1880. What is the remainder when s is divided by 54?
40
Let w = 220 - 112. What is the remainder when w is divided by 20?
8
Suppose -2*k - 435 - 272 = -5*a, 5*a + 4*k - 701 = 0. Suppose 14*h + 6819 = 7491. Calculate the remainder when a is divided by h.
45
Suppose 3*w = 4*w + 27. Let q = w - -44. Suppose -2*m + 12 = -m + n, 4*n = -5*m + 59. Calculate the remainder when q is divided by m.
6
Let z = 5 + 10. Let m = z + -12. Calculate the remainder when m is divided by 1.
0
Suppose -2*k = -z - 6*k + 21, 2*z - 12 = -2*k. Suppose -4*q + 2*q - 8 = 0, 0 = 5*i + 3*q - 373. What is the remainder when i is divided by (-206)/(-8) - z/(-4)?
25
Let n(c) = -c**3 - 4*c**2 + 4. Let f be n(-4). Let l(v) = -v**2 + 3*v - 6. Let y be l(f). What is the remainder when 28 is divided by (6/5)/(y/(-125))?
13
Suppose 174 = -z + 187. What is the remainder when z is divided by 4?
1
Let v(w) = -w**2 + 10*w + 4. Let n be v(8). What is the remainder when 75 is divided by (0/5 + 1)*n?
15
Let k = 1073 - 1054. What is the remainder when 338 is divided by k?
15
Let g(u) = 3 - 6 + u - 4. Let n be g(11). What is the remainder when 85 is divided by n/4*-4 - -26?
19
Suppose 408*j - 410*j = -90. What is the remainder when 54 is divided by j?
9
Suppose -960 = -4*l + 4*m, -4*l + 3*m = 343 - 1299. What is the remainder when l is divided by 34?
32
Let p(g) = g**3 + 21. What is the remainder when 33 is divided by p(0)?
12
Let n be 39*((-1 - -4) + -4). Let c = 92 + n. What is the remainder when c is divided by 28?
25
Let k(s) = 2*s**2 - 9*s + 2. Let m be k(4). Let c be 0 + -4*m/4. Suppose c*v + 6 = 0, 5*v = -6*f + 5*f - 7. Calculate the remainder when 45 is divided by f.
5
Suppose -4*g = -3*a + 89, 2*a - 3*a + 73 = -3*g. Let p = -10 - g. What is the remainder when 25 is divided by p?
9
Suppose -4*w - 5*u = 17, 5*w + 2*u - 4*u = 20. Suppose 4*z + 129 = 3*g, w*g - 54 - 28 = 4*z. What is the remainder when g is divided by 10?
7
Suppose -c + 38 = -5*l, 88 = 3*c - 3*l - 62. What is the remainder when c is divided by ((-84)/(-24))/((-1)/(-2))?
4
Let z(u) be the third derivative of -u**6/120 - u**4/24 - u**3/2 - 2*u**2. Let f be z(0). Let t = 11 - f. Calculate the remainder when 54 is divided by t.
12
Suppose 76 = 2*d - 114. Suppose -5*f + 3*a - 64 = 39, 5*a - d = 5*f. Let l = f - -40. Calculate the remainder when 65 is divided by l.
14
Let f be 12 + (2 - (-5 + 3)). Suppose -4*j + f = -8. Calculate the remainder when j is divided by 1.
0
What is the remainder when 3/1 - (8 + -46 + 3) is divided by 10/(-35) - 186/(-14)?
12
Let i be (-23)/(-2)*(2 + 0)*-1. Let m = 28 + i. What is the remainder when 13 is divided by m?
3
What is the remainder when (-11112)/(-104) + 7 - 6/(-39) is divided by 63?
51
Suppose 9*o - 15*o + 1134 = 0. Calculate the remainder when o is divided by 4.
1
Let r(q) = -q. Let v(s) = 4*s + 28. Let j(u) = 5*r(u) + v(u). Calculate the remainder when 137 is divided by j(-7).
32
Suppose -6*h + h = 2*p, 0 = 2*p - 4*h - 18. Suppose -q + 6 = k - 6*q, 0 = p*q. What is the remainder when 11 is divided by k?
5
Suppose 135 = 14*g - 5*g. Let t = g - 2. Suppose 0 = -3*w - 0*w + 75. What is the remainder when w is divided by t?
12
Suppose 4*n - n - 61 = -z, -4*z = -4*n + 60. Calculate the remainder when 111 is divided by n.
16
Suppose -2*t + 4 = b, -t = 4*b - 0*t - 9. Suppose -6*w - b = -7*w. Let h(y) = 3*y**3 - 3*y**2 + 3*y - 2. What is the remainder when 60 is divided by h(w)?
12
Let a = 4 + 25. Suppose 3*q - 79 = -4*j, -3*j = -5*q - 28 + 5. What is the remainder when a is divided by j?
13
Suppose -5*r - 641 = -691. What is the remainder when 37 is divided by r?
7
Let c(o) = 96*o**2 - 10*o - 2. What is the remainder when c(-2) is divided by 15?
12
Let p = -61 + 70. What is the 